p - 39. Calculate g(-14).
17
Let o(k) = -78*k + 357. Determine o(5).
-33
Let n(o) = -15*o**2 - 107*o + 56. Determine n(-8).
-48
Let x(n) = -8*n**3 - 25*n**2 + 12*n + 57. Give x(-3).
12
Let d(a) = -a**3 - 5*a**2 - 130*a - 653. Determine d(-5).
-3
Let k(g) = -g**2 - 32*g - 196. Determine k(-9).
11
Let z(l) = l**3 - 74*l + 175. Determine z(7).
0
Let u(j) = -j**2 + 143*j - 554. Give u(4).
2
Let z(t) = -5*t**2 + 116*t + 243. Give z(26).
-121
Let c(o) = -2*o**2 - 36*o - 129. Calculate c(-14).
-17
Let x(c) = 21*c - 227. What is x(16)?
109
Let k(o) = -162*o + 4104. Give k(25).
54
Let b(m) = 69*m - 4485. What is b(65)?
0
Let i(v) = v**3 - 91*v**2 - 7244*v + 277. Determine i(142).
-7
Let d(r) = 135*r**2 - 279*r + 24. Calculate d(2).
6
Let l(i) = -i**3 + 8*i**2 - 59*i + 170. Determine l(4).
-2
Let a(u) = 2*u**3 + 59*u**2 + 21*u - 229. Determine a(-29).
3
Let k(g) = 23*g**2 + 19*g - 60. Determine k(3).
204
Let i(m) = -2*m**2 + 25*m - 112. Calculate i(7).
-35
Let d(v) = -v**3 + 17*v**2 + 6*v - 102. Give d(17).
0
Let q(i) = i**3 + 25*i**2 + 50*i + 91. Determine q(-23).
-1
Let s(x) = x**3 + 13*x**2 - 59*x - 935. Determine s(-11).
-44
Let i(t) = -24*t**3 + 7*t**2 + 18*t - 26. Determine i(1).
-25
Let u(x) = x**3 + 9*x**2 - 4*x - 8. Determine u(-3).
58
Let s(j) = j**3 - 3*j**2 + 16*j - 3. Give s(4).
77
Let p(l) = -2*l**3 - 69*l**2 + 34*l - 61. What is p(-35)?
-26
Let v(x) = -199*x**2 - 5*x + 7. Determine v(1).
-197
Let h(o) = -441*o - 28233. Determine h(-64).
-9
Let h(f) = -74*f - 55. Determine h(0).
-55
Let w(g) = 1263*g - 5049. Give w(4).
3
Let a(o) = -o**2 + 47*o - 416. Determine a(21).
130
Let b(x) = -12*x + 745. What is b(64)?
-23
Let b(a) = 2*a**2 + 182*a + 180. Give b(-90).
0
Let r(p) = -2798*p - 5599. Determine r(-2).
-3
Let a(s) = s**3 - 27*s**2 - 30*s + 64. Give a(28).
8
Let u(m) = -2557*m - 5117. What is u(-2)?
-3
Let w(p) = 50*p - 2216. Determine w(44).
-16
Let q(o) = 78*o + 77. Calculate q(-1).
-1
Let o(g) = -4*g**3 + 71*g**2 + 13*g. Give o(18).
-90
Let g(y) = -44*y + 168. Determine g(4).
-8
Let y(a) = 2*a**2 - 704*a + 41544. What is y(75)?
-6
Let u(i) = -89*i - 6035. What is u(-67)?
-72
Let r(y) = y**3 - 7*y**2 - y - 48. Determine r(8).
8
Let o(l) = -l**3 + 14*l**2 - 18*l - 57. Determine o(14).
-309
Let r(o) = 2*o**3 + 232*o**2 + 1925*o - 107. Determine r(-107).
0
Let d(x) = x**3 - 11*x**2 - 43*x + 365. Determine d(12).
-7
Let g(j) = -j**3 - 9*j**2 + 7*j + 20. What is g(-10)?
50
Let s(v) = v**2 + 417*v + 2449. Give s(-6).
-17
Let t(g) = -68*g - 4777. What is t(-70)?
-17
Let q(h) = 11*h + 416. Calculate q(-47).
-101
Let t(d) = -354*d - 10860. Give t(-31).
114
Let b(w) = 6008*w - 36050. Give b(6).
-2
Let b(l) = 1217*l - 75449. Calculate b(62).
5
Let g(s) = -2*s + 84. Calculate g(5).
74
Let l(g) = -g**2 - 1318*g + 15967. What is l(12)?
7
Let g(p) = 51*p - 366. Give g(7).
-9
Let h(n) = n**3 - 110*n**2 - 221*n - 268. Determine h(112).
68
Let o(r) = -r**2 - 19*r + 6. Determine o(-18).
24
Let d(q) = -3*q**2 - 5*q + 55. Calculate d(4).
-13
Let u(x) = 28*x + 986. Give u(-35).
6
Let j(l) = 12*l**2 + 3*l - 63. Determine j(-6).
351
Let r(u) = u**2 - 91*u - 98. What is r(87)?
-446
Let r(m) = -m**3 + 11*m**2 - 35*m. Give r(7).
-49
Let y(c) = -78*c + 309. Give y(4).
-3
Let t(x) = -x**3 - 18*x**2 - 142*x + 2. What is t(0)?
2
Let q(j) = 2*j**2 + 2*j - 70. Determine q(6).
14
Let i(g) = -8725*g - 17454. Calculate i(-2).
-4
Let m(n) = -n**3 - 117*n**2 + 2116*n - 1597. Calculate m(-133).
-1
Let o(q) = 72*q**2 - 4*q + 5. What is o(1)?
73
Let l(v) = v**3 - v**2 - 49*v - 23. What is l(-7)?
-72
Let x(z) = -z**2 - 31*z + 1151. What is x(-53)?
-15
Let j(g) = g**2 + 11*g - 101. What is j(7)?
25
Let l(d) = d**3 + 17*d**2 + 34*d + 534. Calculate l(-16).
246
Let c(t) = -2*t**3 + 20*t**2 - 12*t - 12. Give c(9).
42
Let j(k) = 5*k**3 - 27*k**2 + 8*k - 103. Determine j(6).
53
Let o(p) = 12*p**3 - 32*p**2 - 6*p - 2. Calculate o(3).
16
Let t(h) = 2*h**3 + 32*h**2 - 45*h - 91. Give t(-17).
96
Let z(y) = -9*y**3 - 17*y**2 + y + 3. Give z(-1).
-6
Let o(r) = 36*r**2 + 23*r - 2. Determine o(-4).
482
Let q(c) = -c**3 - 9*c**2 - 10*c - 4. Determine q(-5).
-54
Let v(c) = c**3 + 23*c**2 + 195*c + 1570. Determine v(-17).
-11
Let d(h) = h**3 + 108*h**2 + 522*h + 41. What is d(-5)?
6
Let m(v) = -v**3 - 9*v**2 - 12*v - 1. What is m(-8)?
31
Let b(d) = -2*d**3 + 47*d**2 - 135*d - 37. Calculate b(20).
63
Let q(w) = 2*w**2 + 51*w - 290. Give q(5).
15
Let m(u) = 62*u + 968. Calculate m(-16).
-24
Let j(u) = 20*u + 363. Calculate j(-22).
-77
Let m(o) = o**3 - 44*o**2 + 3*o - 143. Determine m(44).
-11
Let h(k) = 3*k**3 - 4*k**2 - 130*k - 16. Calculate h(-6).
-28
Let g(r) = -r**2 - 32*r - 228. Calculate g(-10).
-8
Let y(i) = 3*i**2 - 84*i - 132. Give y(29).
-45
Let j(o) = -o**2 + 54*o - 246. Determine j(49).
-1
Let o(s) = -s**3 + 45*s**2 + 91*s + 63. Calculate o(47).
-78
Let u(j) = -j**3 + 11*j**2 - 32*j + 2. Determine u(5).
-8
Let x(b) = -b**3 + 18*b**2 - 70*b + 2. Determine x(5).
-23
Let i(j) = j**2 - 137*j + 1025. What is i(129)?
-7
Let p(w) = -1590*w - 7961. Calculate p(-5).
-11
Let s(p) = -104*p**2 - 3133*p - 401. Determine s(-30).
-11
Let a(l) = -3*l**2 - 81*l + 134. Calculate a(2).
-40
Let o(t) = 611*t - 3034. Determine o(5).
21
Let t(l) = 3*l**3 + 13*l**2 + 13*l + 46. Calculate t(-4).
10
Let f(n) = n**3 + 155*n**2 - 58*n - 8908. Determine f(-155).
82
Let h(d) = 64*d**2 - 1543*d + 185. Calculate h(24).
17
Let i(n) = 2*n**2 + 512*n + 11189. Determine i(-24).
53
Let n(u) = u**3 - 79*u**2 + 807*u - 213. Determine n(67).
-12
Let x(b) = b**3 - 15*b**2 + 14*b + 31. Calculate x(13).
-125
Let s(r) = 57*r**2 - 751*r + 137. Determine s(13).
7
Let o(j) = 7*j**3 - 160*j**2 - 35*j + 334. Give o(23).
58
Let f(y) = y**2 - 2*y + 14. What is f(5)?
29
Let o(a) = 2581*a + 20642. Determine o(-8).
-6
Let z(d) = d + 31. What is z(-26)?
5
Let w(s) = 5*s**2 + 109*s + 329. Determine w(-18).
-13
Let d(y) = 51*y - 148. Give d(2).
-46
Let i(f) = f**2 - 22*f - 126. What is i(-5)?
9
Let h(l) = 3*l**2 - 95*l + 78. Calculate h(29).
-154
Let m(j) = 912*j + 14595. Determine m(-16).
3
Let s(b) = -b**2 + 62*b - 285. Determine s(57).
0
Let o(u) = 2390*u + 52575. Determine o(-22).
-5
Let m(f) = -93*f**2 - 58*f + 3. Determine m(-1).
-32
Let j(s) = -1540*s - 2926. Give j(-2).
154
Let j(t) = -19*t - 2097. Give j(-114).
69
Let u(x) = -2*x**3 + 15*x**2 - 31*x + 3. Calculate u(2).
-15
Let l(c) = 5*c - 287. Give l(58).
3
Let y(i) = -i**2 + 143*i - 2954. Determine y(118).
-4
Let h(x) = 924*x + 908. Calculate h(-1).
-16
Let m(b) = -b**3 + 129*b**2 + 804*b + 806. Determine m(135).
-4
Let i(w) = 2*w**3 - 19*w**2 + 120*w - 744. Calculate i(8).
24
Let h(n) = -n**3 - 52*n**2 + 10*n + 450. Give h(-52).
-70
Let t(z) = 1161*z - 8266. Determine t(7).
-139
Let p(a) = a**2 - 34*a + 106. Calculate p(31).
13
Let o(r) = 2*r**2 - 12*r - 704. Determine o(22).
0
Let z(h) = 22*h**2 + 95*h + 34. Determine z(-4).
6
Let k(p) = 2*p**3 + 25*p**2 - 46*p - 61. What is k(-14)?
-5
Let s(u) = 2*u**2 - 9496*u - 12. Calculate s(0).
-12
Let v(o) = -3144*o - 25158. Give v(-8).
-6
Let n(c) = -c**3 + 91*c**2 + 584*c - 198. Calculate n(97).
-4
Let x(q) = -139*q - 578. Calculate x(-4).
-22
Let i(t) = -2*t**2 - 242*t + 14107. Give i(43).
3
Let u(c) = -c**2 - 61*c + 487. Determine u(7).
11
Let k(d) = d**3 + 21*d**2 + 36*d - 32. Give k(-19).
6
Let w(x) = x**2 + 79*x + 1056. Determine w(-64).
96
Let a(l) = 142*l - 1287. What is a(9)?
-9
Let o(k) = -1808*k - 14473. What is o(-8)?
-9
Let p(a) = -2*a**2 + 27*a - 89. Give p(10).
-19
Let k(s) = 296*s + 5973. Calculate k(-20).
53
Let n(y) = 4*y**3 - 64*y**2 + 19*y + 73. Calculate n(16).
377
Let w(t) = 2*t**2 + 25*t + 109. Determine w(-17).
262
Let c(p) = p**2 - 77*p + 443. Determine c(55).
-767
Let b(k) = 6*k + 225. Give b(-39).
-9
Let t(j) = j**2 - 39*j - 125. Calculate t(-3).
1
Let l(p) = -p**3 - 19*p**2 - 9*p - 106. Give l(-19).
65
Let h(f) = f**3 - 13*f**2 + 29*f + 28. Give h(8).
-60
Let u(z) = 4*z**2 - 197*z - 5810. What is u(70)?
0
Let r(n) = -28*n**2 + 201*n + 1. Give r(6).
199
Let f(d) = -17*d + 156. Calculate f(8).
20
Let g(t) = 236*t + 4956. Give g(-21).
0
Let q(f) = 3*f**3 - 6*f**2 - 2*f + 1. Calculate q(-2).
-43
Let p(j) = 56*j - 270. Calculate p(4).
-46
Let n(i) = -201*i - 31347. What is n(-156)?
9
Let r(l) = 569*l - 575.